d by l?
5
Let f(t) = 2*t**2 + 15*t + 66. Let s be f(-5). Suppose -40*k - 3 = -s*k. Calculate the remainder when 218 is divided by k.
2
Suppose -187 = -17*d - 0. Let z be (-8)/6 + 1312/(-24). Let u = z - -97. Calculate the remainder when u is divided by d.
8
Suppose -o = 3*n - 185, 0*o + 4*n - 364 = -2*o. Suppose -171*r = -o*r + 165. What is the remainder when r is divided by 4?
1
Suppose 0 = -4*z + 3*h + 57, z - 3 = h + 11. Let b(n) = -7*n + 125. What is the remainder when 217 is divided by b(z)?
17
Let v = -3 + 21. Let h = 2826 + -2774. Calculate the remainder when h is divided by v.
16
Suppose -5*r + 1060 = -5*b, -565*r + 561*r + 911 = 3*b. What is the remainder when r is divided by 5?
1
Suppose -2241 = -3*r - 5*j + 6395, 5*r + j = 14386. What is the remainder when r is divided by 18?
15
What is the remainder when (-6 - -6 - -1)*134/2 is divided by 8 + 12 + 3 + 0?
21
Suppose -16*r + 45 = -19. Calculate the remainder when 52 is divided by (3/(-6))/(r/((-288)/4)).
7
Suppose -179*z + 539 = -893. What is the remainder when 264 is divided by z?
0
Suppose -530*i + 4472 = -444*i. Calculate the remainder when 195 is divided by i.
39
Suppose -15 = -6*c + 21. Suppose 41 = 5*l + c. What is the remainder when l is divided by 3?
1
Let d(c) = 8*c**3 - 4*c**2 + c + 2. Let b be d(2). Suppose 2*a - 86 = -4*n, 2*n + a - 3*a = b. What is the remainder when 158 is divided by n?
20
Suppose 0 = u + 3*z - 51, -3*z = -23*u + 25*u - 96. What is the remainder when 1078 is divided by u?
43
Let y = 776 - 779. Let v(c) = -c + 2. Let f be v(5). What is the remainder when 123 + y + (-9)/f is divided by 14?
11
Suppose -3*g + k = -179, -8*k = 2*g - 0*g - 154. What is the remainder when 1096 is divided by g?
59
Let l(q) = -164*q - 7748. What is the remainder when l(-49) is divided by 29?
27
Let r(l) = 4*l**2 + 3*l**2 - 14*l**3 + 108*l - 102*l - 2. What is the remainder when r(-1) is divided by 4?
1
Suppose -166 - 534 = -5*t. Suppose 4*m + t = 9*m. Suppose 4*x = u + 2*x - 6, 46 = 5*u - 2*x. What is the remainder when m is divided by u?
8
Calculate the remainder when (201/(-69) - -3) + 171022/5359 is divided by (2 + -4 + -1)*-3.
5
Suppose -66 = -20*a + 234. Suppose -4*j + 0*x = -x - 12, 0 = -2*x. Suppose 2*s = j*m + 122, s + 110 = 3*s + 3*m. What is the remainder when s is divided by a?
13
Let f(x) = 3*x**2 + 4*x + 1. Let c be f(-4). Suppose -2*m = -5*a - 62, -m - 2*m = 12. Let u = c + a. Calculate the remainder when 54 is divided by u.
16
Let v(f) = -2*f**3 - 2*f**2 + 12*f + 4. Let y be v(-4). Suppose 51*n = y*n - 18. Suppose 33 = k + n. Calculate the remainder when 23 is divided by k.
8
Let d(q) be the second derivative of -1/12*q**4 - 23/4*q**5 + 1/3*q**3 - 29*q + 0 + 1/2*q**2. What is the remainder when d(-1) is divided by 29?
26
Let h(b) = 2*b**3 + 4*b**2 - 7*b - 4. Calculate the remainder when h(5) is divided by (32/(-14))/(-8) + (-724)/(-14).
51
Suppose -152 = -8*h + 184. Suppose -4*w - a = -172, -3*a + h = 2*w - 34. What is the remainder when w is divided by 15?
14
Let g(h) = -h**2 + 16*h + 9. Let q be g(17). What is the remainder when (296 - q - 0) + 9 is divided by 64?
57
Let q(i) = -223*i - 236. Calculate the remainder when q(-2) is divided by 48.
18
Let y(m) = m**2 + 10*m - 6. Let k be y(-11). Suppose -5 = k*q - 10. Calculate the remainder when 64 - (q + -3 + 0) is divided by 23.
20
Let i = -7 - -19. Suppose 0 = i*y + 410 - 146. Let s = y + 44. Calculate the remainder when 108 is divided by s.
20
Let i = 251 + -254. Calculate the remainder when (-137)/(i - -2 - (-5 + 5)) is divided by 47.
43
What is the remainder when 3654 is divided by (-258)/10*(-175)/105?
42
Let r be 40 + (-4 - -3)*(-1 - -1). Let j be (-12)/54 + 0 - r/(-18). Suppose 6*q = j*q + 44. What is the remainder when 43 is divided by q?
10
What is the remainder when ((-39)/(-1))/((-12)/2100*-25) is divided by 105?
63
Let k = 660 - 611. Suppose -4*g + 4*i + 1336 = 0, -1637 + 296 = -4*g + 3*i. Calculate the remainder when g is divided by k.
45
Calculate the remainder when (-8)/6 - ((-30)/(-21) - (-243202)/(-966)) is divided by 7.
4
Suppose -2*o - 3*j - 96 + 187 = 0, j = -o + 42. Calculate the remainder when 230 is divided by o.
20
Suppose -p - 96*h + 91*h + 149 = 0, 0 = 3*h + 15. What is the remainder when p is divided by 34?
4
What is the remainder when 1059 is divided by (288/(-88))/((-8)/44)?
15
Suppose -2*w - 4*w + 84 = 0. Let g(l) = -l + 25. Let i be g(w). Suppose -3*u + 94 = -i. Calculate the remainder when u is divided by 9.
8
Let o(h) = -h**3 - 4*h**2 - h - 7. Suppose -a + 268 = 2*c, -2*c + 288 = -142*a + 138*a. Calculate the remainder when c is divided by o(-5).
21
Calculate the remainder when 832 is divided by (-7784)/(-32) + -38 + 10/(-8).
16
Let o(n) = -19*n - 129. Suppose 6*q - q = 5*a - 45, 31 = -3*q + 2*a. What is the remainder when o(q) is divided by 12?
10
Let w = -18 + 24. Suppose -32 = -8*g + w*g. Calculate the remainder when (-2 - (-18)/12)*-112 is divided by g.
8
Suppose -3*x + u = -294, -130*u + 128*u - 88 = -x. What is the remainder when 123 is divided by x?
23
Suppose 0 = -2*w - 360*t + 357*t + 59, -2*w = 2*t - 52. What is the remainder when 806 is divided by w?
8
Suppose 11*m - 5*m + 24 = 0. Let h(v) = 2*v**2 - v - 2. What is the remainder when (-10)/((-1)/m*-2) is divided by h(-2)?
4
Let s be -1*(-3 + -1 + -104). Suppose 3*d + 2*h - s = d, 4*h - 159 = -3*d. What is the remainder when 1081 is divided by d?
55
Suppose -5*x + 18415 = 5*r, -5*r = -28*x + 26*x + 7345. Suppose 6*l - x = -4*l. Calculate the remainder when l is divided by 10.
8
Suppose -1228 + 3276 = 32*i. Calculate the remainder when i is divided by 9.
1
Let n(z) = 3*z**2 - 16*z + 85. Let c be n(18). Suppose 52*y - 4*j = 54*y - 496, -c = -3*y - j. Calculate the remainder when y is divided by 20.
18
Let w(g) = 127*g. Suppose -160*i + 3*z + 6 = -159*i, -32 = -4*i + 4*z. Calculate the remainder when w(6) is divided by i.
6
Let i(x) = 5*x + 65. Let m be i(-13). Suppose m = v, 3*p - 1 = 5*v + 125. Suppose p = r - 32. What is the remainder when r is divided by 26?
22
Let c(y) = -750*y - 10975. What is the remainder when c(-17) is divided by 179?
164
Let i = 179 + -44. Suppose -5*r + 5 = -i. Let q = 159 + -147. Calculate the remainder when r is divided by q.
4
Calculate the remainder when (-4)/(-10 - -74) - 26215/(-112) is divided by 20.
14
Let f = 2191 + -1159. What is the remainder when f is divided by 69?
66
Let b(m) = -m**2 - 53*m + 249. Calculate the remainder when 3 + 40 + 2*-1 is divided by b(4).
20
Let y(c) = 21*c - 20. Let p(w) = -w - 1. Let n(d) = -8*d - 20. Let q(k) = -n(k) + 4*p(k). Calculate the remainder when q(6) is divided by y(2).
18
Suppose -2*u = 5*m - 471, 0 = -3*m - 2*u + 4*u + 273. What is the remainder when 359 is divided by m?
80
Let m = -3476 + 3503. Calculate the remainder when 388 is divided by m.
10
Suppose 72 = s + 3*j, -3*s = j - 82 - 118. Let z(v) = -v**3 + 16*v**2 - 54*v + 4. What is the remainder when s is divided by z(6)?
26
What is the remainder when 1845 is divided by -18*((-2)/(-9))/((3/3)/(-6))?
21
Let h = 13 - 12. What is the remainder when 45 is divided by 0/h + -5 - 286/(-26)?
3
Let g = -5841 + 6291. What is the remainder when g is divided by 13?
8
Let g = -983 + 994. What is the remainder when 1152 is divided by g?
8
Let s = 363 + -285. What is the remainder when (s - 2)*(-88)/(-32) is divided by 14?
13
Suppose 7865*j - 7378*j - 73623 = 14037. Suppose -3*f = -z - 179, 0 = -2*f - z + 52 + 74. Calculate the remainder when j is divided by f.
58
What is the remainder when 154 is divided by (-8)/(-92) - 3580/(-92)?
37
Let r(b) be the third derivative of 5*b**2 + 23/24*b**4 + 0 + 0*b - 1/120*b**6 + 3/10*b**5 + 11/6*b**3. Calculate the remainder when r(19) is divided by 9.
6
Let t = 69 + 162. Let k(c) = -5*c - 69. Calculate the remainder when t is divided by k(-19).
23
Suppose -12*x = -9*x. Let u be x*2*(6/(-4) + 1). Suppose u*y + 4*y = 48. Calculate the remainder when 36 is divided by y.
0
Let s(l) = -l**3 + 16*l**2 + 66*l - 37. What is the remainder when 383 is divided by s(19)?
115
Suppose 0 = -x - 4*n + 7, 5*x + 429*n - 135 = 434*n. What is the remainder when 541 is divided by x?
12
Let z(n) = 46*n**3 + n**2 + 57*n - 121. Calculate the remainder when z(2) is divided by 109.
38
Let i(m